rime factors of g?
89
Let u(g) = -6*g - 26. Let y be u(-5). Suppose 5*h + 5*r - 27 = 3*h, -3*r = y*h - 47. List the prime factors of h.
11
Let x(r) = -r**3 - 8*r**2 + 2*r - 17. Let q be x(-8). List the prime factors of 3864/20 - (-2 + q/(-15)).
193
Let q = -8 + 45. Let z be q/(-3) + (-3)/(-9). What are the prime factors of 8/2 - (7 + z)?
3
Suppose w + 87 = 359. What are the prime factors of w?
2, 17
Let s be 46/8 - 6/8. Suppose -27 = -n + d, n - 5*n + s*d = -109. List the prime factors of n.
2, 13
Let s(z) = -z**2 + 7*z + 8. Let v be s(8). Let i(f) = -2*f + 52. Let k be i(v). Suppose -4*h + 2*h + k = 0. List the prime factors of h.
2, 13
Suppose -i + v + 440 = 3*v, 2*v = 8. List the prime factors of 3/45*-3 - i/(-10).
43
What are the prime factors of 9 + ((-7)/1 - -67)?
3, 23
Let i(g) = 17*g + 11. Let c(w) = 6*w + 4. Let x(v) = 11*c(v) - 4*i(v). Let h be x(5). Let p(o) = o**2 + 5*o - 19. What are the prime factors of p(h)?
31
Let z(v) = v - 11. Let u be z(9). Let c = 7 + u. Suppose -c*q - 248 = -9*q. What are the prime factors of q?
2, 31
Suppose -i + 7 = 2*o, 10 = -2*i + 6*o - 2*o. List the prime factors of i/(633/315 + -2).
3, 5, 7
Suppose 54*r = 29466 + 37224. What are the prime factors of r?
5, 13, 19
Suppose -2937 = 1248*o - 1259*o. What are the prime factors of o?
3, 89
Let k be (-46)/2*-4*3. Let y = k + -183. Suppose -3*b = 3*d - y, 3*b + d + 15 = 110. What are the prime factors of b?
2
Suppose 4*z = h + 3833, 0*z + 5*z = -h + 4798. What are the prime factors of z?
7, 137
Let z be -3*((-28)/12 - -3). List the prime factors of z/7 + 1975/175.
11
Let a(q) = 12*q - 19. Let p(s) = 13*s - 19. Let f(t) = 5*a(t) - 4*p(t). What are the prime factors of f(4)?
13
Suppose -138*y = -149*y + 10318. What are the prime factors of y?
2, 7, 67
Let v = -1 - -11. Suppose v + 14 = o. Suppose -4*x + o = z, 2*z + 3*x + 1 = 34. What are the prime factors of z?
2, 3
List the prime factors of (-358)/(-6) - (3 + 7/(-3)).
59
Suppose -6*s + 377 + 391 = 0. Suppose -5*i + s + 102 = 0. List the prime factors of i.
2, 23
Let w = -19 + 22. Suppose 11 = 4*i + 3*y - 6*y, w*i + 5*y = 30. Suppose 151 = 3*u + i*a, -u + 0*a = -2*a - 32. List the prime factors of u.
2, 3, 7
Suppose 5*q = -t + 127, -3*t + 370 = -0*q + 4*q. Let w = -18 + t. What are the prime factors of w?
2, 13
Let k = 14 + -10. Suppose 4*i + 5*v - 124 - 234 = 0, -3*v = -k*i + 374. What are the prime factors of i?
2, 23
Let u = -946 - -1713. List the prime factors of u.
13, 59
Suppose 3*a - 254 = -5*b, -2*a = -0*b - 5*b + 264. Let d = b - -66. List the prime factors of d.
2, 59
Let n(f) be the second derivative of f**4/12 - 2*f**3 - 23*f**2/2 - 15*f. What are the prime factors of n(15)?
2, 11
Let m(d) = -d**2 - d + 3. Suppose -3*n = 15, 25 = 5*j - j - 5*n. What are the prime factors of m(j)?
3
Let o = 15 - 66. Let c(n) = 3*n**3 - 2*n**2 + 7*n - 8. Let x be c(3). Let u = x + o. List the prime factors of u.
5
Let f(a) = a**3 + 30*a**2 + 32*a + 27. What are the prime factors of f(-25)?
2, 3, 7
Suppose -4*b + 2*n + 148 = -180, b - 87 = -2*n. Suppose 0 = 3*c - u + 92 - 325, -c + b = 5*u. List the prime factors of c.
2, 3, 13
Suppose p + 8 - 36 = 0. What are the prime factors of 10/3*(-7 + p)?
2, 5, 7
Suppose 17*l - 11 = 6*l. Suppose l = -t - 2, -3*t = -2*y + 185. What are the prime factors of y?
2, 11
Let g = -40 + 49. Let u = 4 - 9. Let x = u + g. What are the prime factors of x?
2
Let i(k) = -92*k - 313. What are the prime factors of i(-18)?
17, 79
Suppose 13 = -12*g + 109. Let z(a) = a**3 - 5*a**2 - 3*a - 17. What are the prime factors of z(g)?
151
Let w(z) = 2*z**2 - 20*z + 6. Let f be w(9). List the prime factors of 6*6/f*-91.
3, 7, 13
Let x(r) = 4*r**2 + 5*r + 51. What are the prime factors of x(-10)?
401
Let b(w) = w**2 + 29*w - 3. Let g(q) = -10*q + 1. Let o(m) = 6*b(m) + 17*g(m). List the prime factors of o(-2).
3, 5
Suppose -3*k - 274 = 45*m - 49*m, 3*k = 6. List the prime factors of m.
2, 5, 7
Let h(f) = 10*f + 7. Let z be h(-3). Let q = z - -126. What are the prime factors of q?
103
Let h(v) = 4*v + 1. Let y be h(1). Let i be (2 - (y + -3)) + 152. Suppose 4*b = 4*n + i, -31 = 4*n - 11. What are the prime factors of b?
3, 11
Suppose -394320 = 57*i - 163*i. What are the prime factors of i?
2, 3, 5, 31
Let z = 62 + -71. What are the prime factors of (-1046)/z + (-18)/81?
2, 29
Suppose -3*l - 46 = -5*l. Suppose 0 = -u + 87 - l. Suppose -f = 3*f - u. What are the prime factors of f?
2
Let c(y) = -52*y - 2. Let a(n) = -103*n - 4. Let o(j) = -3*a(j) + 5*c(j). What are the prime factors of o(1)?
3, 17
Let a be 3/18 - (-134)/(-12). Let g(m) = -m**2 - 14*m + 1. What are the prime factors of g(a)?
2, 17
Suppose 3*y + 4*g - 15240 = -4387, 3639 = y - 4*g. What are the prime factors of y?
3623
Suppose 0*a + 4*a + 3*g - 185 = 0, 4*g = -5*a + 232. Suppose -b - a = -120. Suppose 2*w - 5*s = b, 2*w = -2*s + 19 + 29. List the prime factors of w.
2, 7
Suppose 0 = -o + 1, 21*o - 844 = -r + 16*o. List the prime factors of r.
839
Suppose 7*d - 17100 = 1856. What are the prime factors of d?
2, 677
Suppose h - 4*k - 3346 = 0, 9417 - 26099 = -5*h + 4*k. What are the prime factors of h?
2, 1667
Let l = 1944 - 1044. List the prime factors of l.
2, 3, 5
Let k(r) = -r**3 + 4*r + 5. Let s be k(-2). Suppose 4*z = 2*w - 198, 113 = 2*w - w + s*z. What are the prime factors of w?
103
Let i = 8697 + -5313. What are the prime factors of i?
2, 3, 47
Let l(y) = 36 - 51 + 3*y - 9*y. List the prime factors of l(-17).
3, 29
Let p(j) = j**3 + 13*j**2 - 2*j + 23. List the prime factors of p(-12).
191
Let v(m) = m + 10. Let d be v(-7). Suppose -p = -d*n + p - 4, -3*p = 2*n - 6. Suppose -4*i + 0*i + 96 = n. List the prime factors of i.
2, 3
Let n = -528 - -775. List the prime factors of n.
13, 19
Suppose 13 = 2*f - 3. Let k = f - -43. What are the prime factors of k?
3, 17
Let k(c) = 66*c + 4. Let h be k(3). Suppose -2*g = -326 - h. List the prime factors of (g/(-4))/(-1) + 1.
67
Let f(o) = 3*o**2 - 14*o - 26. Let g be f(6). Suppose -52 = 5*m - 187. What are the prime factors of (2 - m/(-3)) + g?
3
Suppose 6*t + 4*g + 15 = 7*t, -5*t - 4*g = -27. Suppose -9 = -4*c + t. Suppose 2*q + q - c*x - 133 = 0, 3*x = -q + 53. List the prime factors of q.
47
Let y(q) = 67*q + 2. Let a(d) = -d. Let n(t) = -6*a(t) + y(t). List the prime factors of n(2).
2, 37
Let m be (2*-1)/((-5)/310). Suppose 0 = -4*z - 0*z + m. What are the prime factors of z?
31
Suppose t = -5*p - 12, 0*t = -4*t + p + 57. Suppose c - t - 12 = w, 0 = 4*c - w - 103. Let d = 46 - c. List the prime factors of d.
2, 5
Let q be 2/(-5) + 38/(-5). Let c = -64 + q. Let n = -45 - c. What are the prime factors of n?
3
Let t(x) = x**2 - 7*x. Suppose -4*p + 5*p = -5. What are the prime factors of t(p)?
2, 3, 5
Suppose -33 - 7 = -x. Let i be -4*9/(36/x). List the prime factors of 16/i - 154/(-10).
3, 5
Let r be 6/(-8)*-5 + 6/(-8). Suppose 4*u = 8, u = 5*m - r*u - 562. What are the prime factors of m?
2, 3, 19
Suppose 36*z = 34*z. Suppose z = -r, -2*l - 5*r = -4*l + 50. What are the prime factors of l?
5
List the prime factors of 2670*2/24*8 - 0.
2, 5, 89
Let f(b) be the third derivative of -b**5/60 - 11*b**4/24 - 5*b**3/3 - 17*b**2. List the prime factors of f(-8).
2, 7
Let k(g) = 2*g**3 - 13*g**2 + 2*g - 21. Let n(w) = w**3 - 7*w**2 + w - 11. Let o(s) = -6*k(s) + 11*n(s). What are the prime factors of o(-5)?
2, 5
Let n(d) = d**3 + 16*d**2 - 7*d - 20. List the prime factors of n(-7).
2, 5, 47
Suppose 0 = 27*o + 2755 - 59806. What are the prime factors of o?
2113
Suppose -2*j + 3*o + 7771 = -2877, -3*j = o - 15972. List the prime factors of j.
2, 11
Let n(r) = r**3 - 3*r**2 - 6*r - 6. Suppose -v - 3*p = -19, -2*p = 5*v + 3*p - 45. Suppose v*j + 5 = 25. What are the prime factors of n(j)?
2, 7
Let i(n) = -7*n**3 + n + 1. Let f be 2*2*2/(-8). Let o be i(f). Suppose -o*u + 6*u + 59 = 0. List the prime factors of u.
59
Let d(q) be the second derivative of q**5/20 + 5*q**4/4 - q**3/6 - 6*q**2 - 13*q. What are the prime factors of d(-15)?
3
Suppose -57 = 5*w - 42. Let t(m) be the third derivative of -7*m**4/24 - m**3/2 - 2*m**2. List the prime factors of t(w).
2, 3
Let j = 71 + -36. Suppose 31 = 3*o - 2*y, -2*y = 3*o - 6*y - j. Let l = o - -9. List the prime factors of l.
2, 3
Suppose 12*r = 33*r - 2814. Wh